{"id":96,"date":"2019-08-01T19:15:04","date_gmt":"2019-08-01T17:15:04","guid":{"rendered":"http:\/\/lederschneiderei-klein.de\/?page_id=96"},"modified":"2022-07-09T10:51:09","modified_gmt":"2022-07-09T08:51:09","slug":"unsere-geschichte","status":"publish","type":"page","link":"http:\/\/lederschneiderei-klein.de\/?page_id=96","title":{"rendered":"Unsere Geschichte"},"content":{"rendered":"\n<p>Wir greifen zur\u00fcck auf eine \u00fcber 40 j\u00e4hrige Unternehmensgeschichte.<br>In dieser zeichnet sich die Entwicklung von der Ma\u00dfschneiderei f\u00fcr textile Neuanfertigungen hin zur Lederschneiderei Klein, spezialisiert auf Lederbekleidung, ab. Das Gros unserer Kundschaft pflegt dabei den Motorradsport \u2013 professionell und freizeitlich.<br><br>Zu Beginn, in den 1970er Jahren, war es die Modeschneiderei in der Reichklarastra\u00dfe in Mainz, in der sich die bis heute arbeitende Meisterin ihres Gewerks, Hildegard Klein, vorwiegend mit Textilbekleidung befasste und Neuanfertigungen von Abendgarderoben oder f\u00fcr Fastnachtsb\u00e4lle in den Fokus ihrer handwerklichen Arbeit nahm.<br><br>Seit den 1990ern kristallisierte sich schlie\u00dflich der Schwerpunkt auf Motorrad- und Lederbekleidung heraus, der bis heute mit Freude, handwerklichem Wissen und K\u00f6nne sowie Zuverl\u00e4ssigkeit im Umgang mit den Materialien unser Spezialgebiet darstellt.<\/p>\n","protected":false},"excerpt":{"rendered":"<p>Wir greifen zur\u00fcck auf eine \u00fcber 40 j\u00e4hrige Unternehmensgeschichte.In dieser zeichnet sich die Entwicklung von der Ma\u00dfschneiderei f\u00fcr textile Neuanfertigungen hin zur Lederschneiderei Klein, spezialisiert auf Lederbekleidung, ab. Das Gros unserer Kundschaft pflegt dabei den Motorradsport \u2013 professionell und freizeitlich. Zu Beginn, in den 1970er Jahren, war es die Modeschneiderei in der Reichklarastra\u00dfe in Mainz, &hellip; <a href=\"http:\/\/lederschneiderei-klein.de\/?page_id=96\" class=\"more-link\"><span class=\"screen-reader-text\">\u201eUnsere Geschichte\u201c <\/span>weiterlesen<\/a><\/p>\n","protected":false},"author":1,"featured_media":0,"parent":0,"menu_order":0,"comment_status":"closed","ping_status":"closed","template":"","meta":{"footnotes":""},"class_list":["post-96","page","type-page","status-publish","hentry"],"_links":{"self":[{"href":"http:\/\/lederschneiderei-klein.de\/index.php?rest_route=\/wp\/v2\/pages\/96","targetHints":{"allow":["GET"]}}],"collection":[{"href":"http:\/\/lederschneiderei-klein.de\/index.php?rest_route=\/wp\/v2\/pages"}],"about":[{"href":"http:\/\/lederschneiderei-klein.de\/index.php?rest_route=\/wp\/v2\/types\/page"}],"author":[{"embeddable":true,"href":"http:\/\/lederschneiderei-klein.de\/index.php?rest_route=\/wp\/v2\/users\/1"}],"replies":[{"embeddable":true,"href":"http:\/\/lederschneiderei-klein.de\/index.php?rest_route=%2Fwp%2Fv2%2Fcomments&post=96"}],"version-history":[{"count":6,"href":"http:\/\/lederschneiderei-klein.de\/index.php?rest_route=\/wp\/v2\/pages\/96\/revisions"}],"predecessor-version":[{"id":142,"href":"http:\/\/lederschneiderei-klein.de\/index.php?rest_route=\/wp\/v2\/pages\/96\/revisions\/142"}],"wp:attachment":[{"href":"http:\/\/lederschneiderei-klein.de\/index.php?rest_route=%2Fwp%2Fv2%2Fmedia&parent=96"}],"curies":[{"name":"wp","href":"https:\/\/api.w.org\/{rel}","templated":true}]}}

<p>Wir greifen zurück auf eine über 40 jährige Unternehmensgeschichte.<br>In dieser zeichnet sich die Entwicklung von der Maßschneiderei für textile Neuanfertigungen hin zur Lederschneiderei Klein, spezialisiert auf Lederbekleidung, ab. Das Gros unserer Kundschaft pflegt dabei den Motorradsport – professionell und freizeitlich.<br><br>Zu Beginn, in den 1970er Jahren, war es die Modeschneiderei in der Reichklarastraße in Mainz, in der sich die bis heute arbeitende Meisterin ihres Gewerks, Hildegard Klein, vorwiegend mit Textilbekleidung befasste und Neuanfertigungen von Abendgarderoben oder für Fastnachtsbälle in den Fokus ihrer handwerklichen Arbeit nahm.<br><br>Seit den 1990ern kristallisierte sich schließlich der Schwerpunkt auf Motorrad- und Lederbekleidung heraus, der bis heute mit Freude, handwerklichem Wissen und Könne sowie Zuverlässigkeit im Umgang mit den Materialien unser Spezialgebiet darstellt.</p>

<p>Wir greifen zurück auf eine über 40 jährige Unternehmensgeschichte.In dieser zeichnet sich die Entwicklung von der Maßschneiderei für textile Neuanfertigungen hin zur Lederschneiderei Klein, spezialisiert auf Lederbekleidung, ab. Das Gros unserer Kundschaft pflegt dabei den Motorradsport – professionell und freizeitlich. Zu Beginn, in den 1970er Jahren, war es die Modeschneiderei in der Reichklarastraße in Mainz, &hellip; <a href="http://lederschneiderei-klein.de/?page_id=96" class="more-link"><span class="screen-reader-text">„Unsere Geschichte“ </span>weiterlesen</a></p>
